= 8*d - 4*d + 12. Give v(d).
-8
Let i(n) be the second derivative of n**5/20 - 7*n**4/12 - 2*n**3/3 + 5*n**2 - 14*n. What is i(7)?
-18
Let c(v) = v**2 - 4*v - 7. Let z(q) = -q + 10. Let r(i) = i**3 - 5*i**2 + i. Let l be r(5). Let g be z(l). Determine c(g).
-2
Let f(d) = 2*d**2 - d. Let p be f(1). Let g be (p - -3)*1 - 1. Let s(h) = h - 2. What is s(g)?
1
Suppose 0 = t + 5*t - 6. Let q(y) = 5*y**3 - 2*y**2 + y. What is q(t)?
4
Let v(w) = -4*w + 1. Let b(n) = n**2 + 2*n - 3. Let m be b(2). Suppose -5 = -d - 2*d + 4*u, -10 = m*u. Determine v(d).
5
Let g(x) = 6*x - 1. Let f(t) = -13*t + 2. Let j(a) = -2*f(a) - 5*g(a). Let w(i) = i + 2. Let d be w(-4). Calculate j(d).
9
Let f(t) = -t**3 - 9*t**2 - 7*t + 10. Let s be f(-8). Let x(n) = -97 - s*n + 97 + 9*n. Give x(1).
7
Suppose 20 = h - 5*z, -4*z + z = -5*h + 34. Let f(y) = -7*y + 3. Let i(c) = 11*c - 4. Let d be (-4)/(-2) + (-8 - 2). Let n(l) = d*f(l) - 5*i(l). Give n(h).
1
Let d(o) = o**2 + 5*o - 4. Let y(b) = b**3 + b**2 + 2*b + 3. Let h(u) = -u**2 - 10*u - 11. Let s be h(-9). Let z be y(s). Give d(z).
-4
Let n(m) = 7*m**2 - m - 1. Let c(j) = -j**3 - 2*j**2 + 4*j + 2. Let h be 52/14 + 10/35. Let v = 1 - h. Let o be c(v). Calculate n(o).
7
Let x be (-24)/(-14) + (-10)/(-35). Let m(j) be the first derivative of -1/3*j**3 - 1/2*j**2 - 1/4*j**4 - x - 7*j. Give m(0).
-7
Let k(m) be the first derivative of 1/2*m**2 + 1 + 4*m - 1/4*m**4 + 0*m**3. Calculate k(0).
4
Let f be 1 - (-6 + 2 - -2). Suppose -4*n - 5*w - 13 = -f*n, w = -4. Suppose o + 4 = -4*r, 3*r + 1 - n = -3*o. Let a(c) = c + 1. What is a(o)?
5
Let n(k) = -k**3 + 9*k**2 - k + 5. Let u(g) = g**2 - 12*g + 44. Let z be u(7). Calculate n(z).
-4
Let d = 38 + -46. Let c(m) = -m**3 - 9*m**2 - 9*m - 2. Calculate c(d).
6
Let n(d) = -d**3 + d - 1. Let z(h) = -h**3 + h**2 - 1. Let j be z(1). Let a(w) = -3*w**3 - 3*w**2 + 5*w - 3. Let s(v) = j*a(v) + 2*n(v). Determine s(-4).
-3
Let m(p) = -3*p**3 - p**2 - 4. Let l(x) = -4*x**3 - x**2 - x - 5. Let t(q) = -2*l(q) + 3*m(q). What is t(2)?
-10
Let p = -23 + 22. Let o(v) = -8*v**2 + 2*v + 1. What is o(p)?
-9
Let f(k) = k**3 - 7*k**2 + 6*k - 4. Suppose 3*l + 10 = -2*l. Let n = l + 8. Give f(n).
-4
Let u(x) = -x**3 + 3*x**2 + 10*x + 1. Let p(o) = o - 3. Let i be p(8). Let a be u(i). Let g(c) = 5*c + 1. What is g(a)?
6
Let x = -1 + 5. Let r = x - 1. Let z(u) = -3 - u**2 - r + 1 + 6*u. Calculate z(5).
0
Let o(f) be the first derivative of -2*f - 4 - 1/3*f**3 - 3*f**2. What is o(-5)?
3
Suppose 4*i = i - 21. Let k(r) = -r - 6. What is k(i)?
1
Let d be (-14)/(-4) + (-2)/(-4). Let o = -5 + d. Let h(p) = 2*p**3 - 2*p**2 - p. What is h(o)?
-3
Let d be (-6)/9*6/(-4). Let n(v) = 8*v**2 - v + 1. Determine n(d).
8
Suppose -s + 3 = 1. Let v(n) = -n + 4. Calculate v(s).
2
Let m = 6 + -8. Let o(s) = -15*s - 2. Let z(n) = 7*n + 1. Let c(t) = -2*o(t) - 5*z(t). What is c(m)?
9
Let r(w) = w**2 - 3*w + 1. Suppose 0 = -5*c - 2*g + 11, 2*c + 0*g - 3*g = 12. What is r(c)?
1
Let k(f) be the third derivative of 0 - 1/3*f**3 - 3*f**2 + 0*f + 1/24*f**4. Let w = 4 + -6. What is k(w)?
-4
Suppose -d + 0 + 1 = 0. Let v(r) = 4*r**3 + 3*r**2 + 5. Let k(s) = 6*s**3 + 5*s**2 + 8. Let o(f) = -5*k(f) + 8*v(f). Calculate o(d).
1
Let k(d) = -d**3 - d**2 + 10. Let m be k(0). Let h(n) = -n**3 + 11*n**2 - 11*n + 10. What is h(m)?
0
Let d(a) = 0*a - 3 + a**2 + a - a**2 + a**2. What is d(3)?
9
Let j(c) be the first derivative of c**3/3 - 2*c**2 - 7*c + 11. Give j(5).
-2
Let o(y) = -11*y - 1. Suppose -5*j + 0*j + 15 = 0. Suppose j + 1 = 2*r. Suppose -3*a - r*n + 12 = a, -3*a + 23 = 5*n. Give o(a).
-12
Let m(s) = -s - 4. Suppose 3*i = 8*i - 20. Suppose i*f = f. Give m(f).
-4
Let g(s) = s**2 + 4*s - 2. Let d = -47 + 82. Let t = d - 20. Suppose 2*p + t = -p. Calculate g(p).
3
Let d be (-2 + 0)/((-14)/21). Let o(v) = -4*v + 4. Calculate o(d).
-8
Let y = 40 + -27. Suppose -3*c + 17 - 2 = 0. Suppose 5*p + i = -2, 0 = 3*p - c*i + 5 + y. Let o(q) = -2*q. Give o(p).
2
Let w(v) = v**3 - 2*v - 5. Let q be w(0). Let x(i) be the first derivative of -2*i**3/3 - 7*i**2/2 - i + 1. What is x(q)?
-16
Let b(i) be the first derivative of -i**4/4 + 2*i**3 - 5*i**2/2 - 7. Calculate b(5).
0
Let g(o) = o**3 + o**2 - 1. Let z(f) = -f**3 + 7*f**2. Let w(u) = -u**3 - u**2 - 4*u - 5. Let y be w(-2). Let i be z(y). Calculate g(i).
-1
Let d(l) = l**3 - 3*l**2 - 3*l - 1. Suppose -2*b = 5*g + 8, 8 = g + 5*b + 5. What is d(g)?
-15
Let s(z) = -z**3 - z**2 - 11 + z**3 - z**3 + z + 5. What is s(0)?
-6
Let i(p) = -48 - p**2 + 19 + 19. Suppose -h = -0*h. Calculate i(h).
-10
Let n = -7 + 1. Let r(f) = f**3 + 6*f**2 - f + 4. What is r(n)?
10
Let r(y) = 2*y**2 + 4*y + 1. Let m(v) = v**2 + 5*v + 3. Let n be m(-5). Let w(b) = -3*b**2 - 8*b - 2. Let f(p) = n*w(p) + 5*r(p). Calculate f(5).
4
Let d(z) = -z - 4. Let h(u) = u - 4. Let l be h(-2). Determine d(l).
2
Let c(v) = 1 - 3 + 2*v + v - 4*v. Determine c(-6).
4
Let s(j) = -2*j**3 + 4*j**2 - 2*j. Let n = -27 - -29. Determine s(n).
-4
Let t = 4 - -1. Suppose 0 = t*c - 2*c - 4*w + 34, 3*c + 5*w = 2. Let h(r) = -r**2 - 6*r - 3. Calculate h(c).
-3
Suppose 0*k - 3*k = -6. Let y(q) be the first derivative of q**2/2 - q + 17. Calculate y(k).
1
Let y(d) = d**3 + 2*d**2 + 3. Let g(z) = -z. Let o(t) = -2*g(t) + y(t). Suppose 3*j - 3*s + 3 = 0, -11 = 4*j - j + s. Let k = -5 - j. Calculate o(k).
-1
Let s(l) = 2*l - 2. Suppose r + 2*c + 4 = c, -5*r + 3*c + 20 = 0. Let d be (-2)/(-2)*1/r. Let k be 2/3*(d + 2). Calculate s(k).
2
Let c(q) = -q**2 + 6*q + 5. Suppose -5*l - s + 33 = -0*s, 4*l - 36 = 4*s. What is c(l)?
-2
Suppose -4*p - p - 2*q = -25, 3*p = -2*q + 15. Let c(d) = -4*d**2 + 2*d**3 + 0*d + 0*d - p*d + 1 - d**3. Give c(5).
1
Suppose -1 = -3*r + 2. Let c(a) = -6*a**3 - 2*a**2 + 8. Let n(h) = 6*h**3 + 2*h**2 - 7. Let v(y) = 6*c(y) + 7*n(y). Give v(r).
7
Let i(h) = 4*h**3 - 11*h**2 + h - 1. Let j(o) = 5*o**3 - 12*o**2 + 2*o - 2. Let s(v) = 6*i(v) - 5*j(v). Determine s(-5).
-1
Let f(c) = -c**2 + 6*c + 5. Let h be f(5). Let i(m) = -m**2 + 11*m - 5. What is i(h)?
5
Suppose 0 = -4*b + 15 + 9. Let t = b + -3. Let l(d) be the second derivative of -d**4/12 + d**3/3 + 2*d**2 + d. Determine l(t).
1
Let n(w) be the third derivative of -w**4/12 - 4*w**3/3 + 2*w**2 - 9*w. Give n(-6).
4
Let v = -12 + 8. Let d(f) = -f**2 - 4*f - 4. Give d(v).
-4
Let n(r) = r**2 - 4*r - 6. Let u(t) = -4*t - 1. Let v be u(-1). Let y(m) = -m**3 + 5*m**2 - 4*m. Let p be y(v). What is n(p)?
6
Let z(b) be the third derivative of -b**4/24 - 5*b**3/3 + 4*b**2. Calculate z(0).
-10
Let z = 149/4 + -37. Let x(p) be the third derivative of -1/3*p**3 - 1/10*p**5 - 2*p**2 + z*p**4 + 0*p + 0 + 1/120*p**6. Give x(5).
3
Let p(c) = -2*c**2 + 5*c - 3. Suppose 16 = -2*i - 2*x - 3*x, x + 4 = 0. Suppose -4*j + 12 = -i*j. Suppose -j = 3*u - 5*u. Determine p(u).
-6
Let n(i) = 3*i - 5*i - 3 - 1 + 2. Calculate n(-2).
2
Let t(u) = -5*u**3 + 4*u + 1. Let q(j) = 11*j**3 - 9*j - 2. Let z(n) = -4*q(n) - 9*t(n). Determine z(0).
-1
Suppose 5*a = -5*i - 40, -8 = 4*i - a - a. Let f(h) = -2*h + 1. Determine f(i).
9
Suppose 4*q + 8 = m + 23, 12 = 5*q + m. Suppose 5*j = -4*d + 7, 0 = 3*d - q*j + 25 - 10. Let z(f) = f**2 + 5*f + 1. Determine z(d).
-5
Let t = 11 + -9. Let q be (-4)/4 - -3 - t. Let s(m) be the third derivative of m**6/120 + m**4/24 - 5*m**3/6 - 2*m**2. Determine s(q).
-5
Let u(c) = c**3 + 5*c**2 - 5*c + 2. Let x(v) = -3*v**3 + v**3 - 10*v**2 - 3 + 10*v + 0 - v**3. Let h(m) = 5*u(m) + 2*x(m). Determine h(4).
0
Let m(d) = d**2 - 2*d - 4. Let t be 4/24 - (-2 + 20/(-24)). What is m(t)?
-1
Let z(s) be the third derivative of s**5/60 - s**4/24 + 7*s**3/6 + 2*s**2. Let v = 0 - 0. Give z(v).
7
Let x(i) = -i**3 + 2*i**2 - i + 2. Let m = 15 + -13. Let n be x(m). Let q(w) = w**2 + 1. Give q(n).
1
Let j(c) = -c. Let i(l) = 6*l - 1. Let s(b) = -i(b) - 5*j(b). Determine s(6).
-5
Let u be (-2)/9 - (-87)/27. Let f(h) = -32*h + 29. Let c(s) = 11*s - 10. Let l(t) = 17*c(t) + 6*f(t). Give l(u).
-11
Let l(p) = 6*p - 2. Let n = 41 - 45. Calculate l(n).
-26
Let k(p) = -74*p - 3 + p**2 - 73*p + 150*p. Calculate k(2).
7
Suppose 12*k - 7 = 5. Let s(v) = -7*v**3 + 1. Give s(k).
-6
Let o(q) = -2*q**2 - 3*q - 2. Suppose -4*d + 24 = -d. Let j = d - 6. Suppose j*g = -4*i - 16, -5*g + 2*i - 2 = 2. Give o(g).
-4
Let l be 27/21 + 2/(-7). L